{"id":248,"date":"2013-11-07T17:17:28","date_gmt":"2013-11-07T17:17:28","guid":{"rendered":"http:\/\/copacesp.com.br\/?page_id=248"},"modified":"2016-11-28T15:44:09","modified_gmt":"2016-11-28T15:44:09","slug":"o-portal","status":"publish","type":"page","link":"https:\/\/copacesp.com.br\/?page_id=248","title":{"rendered":"O Portal"},"content":{"rendered":"<p><img decoding=\"async\" loading=\"lazy\" class=\"alignright size-medium wp-image-249\" style=\"border: 0px;\" src=\"http:\/\/copacesp.com.br\/wp-content\/uploads\/2013\/11\/perfil-copacesp-300x300.jpg\" alt=\"perfil-copacesp\" width=\"300\" height=\"300\" srcset=\"https:\/\/copacesp.com.br\/wp-content\/uploads\/2013\/11\/perfil-copacesp-300x300.jpg 300w, https:\/\/copacesp.com.br\/wp-content\/uploads\/2013\/11\/perfil-copacesp-150x150.jpg 150w, https:\/\/copacesp.com.br\/wp-content\/uploads\/2013\/11\/perfil-copacesp-55x55.jpg 55w, https:\/\/copacesp.com.br\/wp-content\/uploads\/2013\/11\/perfil-copacesp.jpg 347w\" sizes=\"(max-width: 300px) 100vw, 300px\" \/>Perfil do Portal COPACESP &#8211; Um poder em comunica\u00e7\u00e3o!<\/p>\n<p><b>Conselho Editorial:<\/b><\/p>\n<p><img decoding=\"async\" loading=\"lazy\" class=\"alignleft size-thumbnail wp-image-119\" src=\"http:\/\/copacesp.com.br\/wp-content\/uploads\/2013\/10\/antonio-rodrigues-150x150.jpg\" alt=\"antonio-rodrigues\" width=\"150\" height=\"150\" srcset=\"https:\/\/copacesp.com.br\/wp-content\/uploads\/2013\/10\/antonio-rodrigues-150x150.jpg 150w, https:\/\/copacesp.com.br\/wp-content\/uploads\/2013\/10\/antonio-rodrigues-55x55.jpg 55w\" sizes=\"(max-width: 150px) 100vw, 150px\" \/><\/p>\n<p>Antonio Olivaldo Rodrigues<\/p>\n<p>&nbsp;<\/p>\n<p>&nbsp;<\/p>\n<p><img decoding=\"async\" loading=\"lazy\" class=\"alignleft size-thumbnail wp-image-307\" src=\"http:\/\/copacesp.com.br\/wp-content\/uploads\/2013\/11\/Jose-Valdir-Granelli-150x150.jpg\" alt=\"Jose-Valdir-Granelli\" width=\"150\" height=\"150\" srcset=\"https:\/\/copacesp.com.br\/wp-content\/uploads\/2013\/11\/Jose-Valdir-Granelli-150x150.jpg 150w, https:\/\/copacesp.com.br\/wp-content\/uploads\/2013\/11\/Jose-Valdir-Granelli-55x55.jpg 55w\" sizes=\"(max-width: 150px) 100vw, 150px\" \/><\/p>\n<p>Jose Valdir Granelli<\/p>\n<p>&nbsp;<\/p>\n<p>&nbsp;<\/p>\n<p>&nbsp;<\/p>\n<p><img decoding=\"async\" loading=\"lazy\" class=\"alignleft size-thumbnail wp-image-306\" src=\"http:\/\/copacesp.com.br\/wp-content\/uploads\/2013\/11\/Eduardo-Tirolli-150x150.jpg\" alt=\"Eduardo-Tirolli\" width=\"150\" height=\"150\" srcset=\"https:\/\/copacesp.com.br\/wp-content\/uploads\/2013\/11\/Eduardo-Tirolli-150x150.jpg 150w, https:\/\/copacesp.com.br\/wp-content\/uploads\/2013\/11\/Eduardo-Tirolli-55x55.jpg 55w\" sizes=\"(max-width: 150px) 100vw, 150px\" \/><\/p>\n<p>Antonio Eduardo Tirolli<\/p>\n<p>&nbsp;<\/p>\n<p>&nbsp;<\/p>\n<p>&nbsp;<\/p>\n<p>&nbsp;<\/p>\n<p><b>Jornalista Respons\u00e1vel e WEBDESIGN:<\/b><\/p>\n<p>Departamento de Comunica\u00e7\u00e3o<br \/>\n<b>16 99191 9668<\/b><br \/>\n<b><a href=\"mailto:lena.aguilar1969@gmail.com\">lena.aguilar1969@gmail.com<\/a><\/b><\/p>\n<p><b>Equipe de Filmagem e Fotos:<\/b><br \/>\nUNIQUE VIDEO<br \/>\n<a href=\"http:\/\/www.uniquevideo.com.br\/\" target=\"_blank\">www.uniquevideo.com.br<\/a><\/p>\n<p><b>Comercial e Publicidade:<\/b>\u00a0contato@copacesp.com.br<\/p>\n<p>O Portal COPACESP \u00e9 gratuitamente produzido aos cooperados, engarrafadores e colaboradores. As mat\u00e9rias assinadas s\u00e3o de responsabilidade dos autores. A reprodu\u00e7\u00e3o parcial deste Portal \u00e9 autorizada, desde que citada a fonte.<\/p>\n<p>O Portal COPACESP \u00e9 o meio de comunica\u00e7\u00e3o para cooperados, engarrafadores e colaboradores da\u00a0\u00a0COPACESP lan\u00e7ada em 2013.\u00a0\u00a0Se tornou forte no setor e hoje \u00e9 acessado\u00a0\u00a0para toda a cadeia envolvendo a\u00a0Cacha\u00e7a\u00a0\u00a0no Brasil de forma gratuita.<\/p>\n<p>Nossa miss\u00e3o \u00e9 levar informa\u00e7\u00e3o de credibilidade aos nossos leitores e internautas. As mat\u00e9rias s\u00e3o elaboradas com seriedade, atualizando profissionais e empresas visando o melhor desenvolvimento dos trabalhos realizados.<\/p>\n<p>Em nossos Menus voc\u00ea encontra as novidades do mundo da Cacha\u00e7a no Brasil, artigos t\u00e9cnicos, entrevistas e pontos de vista de refer\u00eancias no setor, cultura de rota\u00e7\u00e3o, eventos, assuntos legais, novas tecnologias, informa\u00e7\u00f5es setoriais al\u00e9m das dicas de leitura.<\/p>\n<p><b>P\u00fablico Alvo:<\/b>\u00a0Produtores Rurais, empresas, usinas e destilarias, entidades de classe e profissionais ligados ao setor da Cacha\u00e7a.<\/p>\n<p><b>Distribui\u00e7\u00e3o:\u00a0<\/b>\u00a0Dispon\u00edvel o\u00a0acesso internacional e<b>\u00a0<\/b>nacional. Enviado para todos os\u00a0\u00a0cooperados, universidades, clientes, destilarias e usinas do Brasil, empresas, profissionais ligados ao setor. Com a inten\u00e7\u00e3o de promover a marca COPACESP\u00a0\u00a0no setor, entramos no mundo virtual atrav\u00e9s do portal que voc\u00ea esta visitando atualizado diariamente com not\u00edcias atualizadas dispon\u00edveis para download gratuitamente.<\/p>\n<p>Diferencial de um Portal da COPACESP para as demais do mercado:<\/p>\n<p>Atualmente, voc\u00ea encontra jornais e\u00a0<b>Revistas de Cooperativas<\/b>\u00a0por todo o Brasil. Atrav\u00e9s deste Portal que \u00e9 um veiculo de comunica\u00e7\u00e3o,\u00a0<b>voc\u00ea fala exclusivamente com toda a equipe da COPACESP\u00a0<\/b>, que se valem da orienta\u00e7\u00e3o de seus departamentos t\u00e9cnicos para suas decis\u00f5es de compra. Da\u00ed a import\u00e2ncia de sua empresa estar presente\u00a0\u00a0nesse Portal que abrange o Mundo da Cacha\u00e7a via internet.<\/p>\n<p><span style=\"border-radius: 2px; text-indent: 20px; width: auto; padding: 0px 4px 0px 0px; text-align: center; font: bold 11px\/20px 'Helvetica Neue',Helvetica,sans-serif; color: #ffffff; background: #bd081c no-repeat scroll 3px 50% \/ 14px 14px; position: absolute; opacity: 1; z-index: 8675309; display: none; cursor: pointer;\">Salvar<\/span><\/p>\n<p><span style=\"border-radius: 2px; text-indent: 20px; width: auto; padding: 0px 4px 0px 0px; text-align: center; font: bold 11px\/20px 'Helvetica Neue',Helvetica,sans-serif; color: #ffffff; background: #bd081c no-repeat scroll 3px 50% \/ 14px 14px; position: absolute; opacity: 1; z-index: 8675309; display: none; cursor: pointer; top: 44px; left: 1099px;\">Salvar<\/span><\/p>\n","protected":false},"excerpt":{"rendered":"<p>Perfil do Portal COPACESP &#8211; Um poder em comunica\u00e7\u00e3o! Conselho Editorial: Antonio Olivaldo Rodrigues &nbsp; &nbsp; Jose Valdir Granelli &nbsp; &nbsp; &nbsp; Antonio Eduardo Tirolli &nbsp; &nbsp; &nbsp; &nbsp; Jornalista Respons\u00e1vel e WEBDESIGN: Departamento de Comunica\u00e7\u00e3o 16 99191 9668 lena.aguilar1969@gmail.com Equipe de Filmagem e Fotos: UNIQUE VIDEO www.uniquevideo.com.br Comercial e Publicidade:\u00a0contato@copacesp.com.br O Portal COPACESP \u00e9 &#8230;<\/p>\n","protected":false},"author":3,"featured_media":0,"parent":0,"menu_order":0,"comment_status":"closed","ping_status":"closed","template":"","meta":[],"aioseo_notices":[],"_links":{"self":[{"href":"https:\/\/copacesp.com.br\/index.php?rest_route=\/wp\/v2\/pages\/248"}],"collection":[{"href":"https:\/\/copacesp.com.br\/index.php?rest_route=\/wp\/v2\/pages"}],"about":[{"href":"https:\/\/copacesp.com.br\/index.php?rest_route=\/wp\/v2\/types\/page"}],"author":[{"embeddable":true,"href":"https:\/\/copacesp.com.br\/index.php?rest_route=\/wp\/v2\/users\/3"}],"replies":[{"embeddable":true,"href":"https:\/\/copacesp.com.br\/index.php?rest_route=%2Fwp%2Fv2%2Fcomments&post=248"}],"version-history":[{"count":21,"href":"https:\/\/copacesp.com.br\/index.php?rest_route=\/wp\/v2\/pages\/248\/revisions"}],"predecessor-version":[{"id":2401,"href":"https:\/\/copacesp.com.br\/index.php?rest_route=\/wp\/v2\/pages\/248\/revisions\/2401"}],"wp:attachment":[{"href":"https:\/\/copacesp.com.br\/index.php?rest_route=%2Fwp%2Fv2%2Fmedia&parent=248"}],"curies":[{"name":"wp","href":"https:\/\/api.w.org\/{rel}","templated":true}]}}